 - -7 - 0)?
-13
Evaluate 23 + 19 + -5 + -35.
2
Evaluate 12 + 6 + (-20 - -5) - (1 - 5).
7
What is the value of (-15 - -33) + -14 + -18 + -2 + 1?
-15
4 + (-13 - 3) + -1 - -5 - -2
-6
Evaluate 4 + -3 - (-62 - -62) - 0.
1
-3 - (0 + 0 + (-35 + 37 - -18))
-23
What is the value of 27 + -36 - -42 - 54?
-21
What is 1 + 1 + 1 + (63 - 3) + -40?
23
Calculate (-32 - -31) + -32 + 11.
-22
What is the value of -1 - 0 - (0 - 7 - -10) - -1?
-3
What is the value of -5 + 2 + 5 + 3 + -21 + 16?
0
What is 108 - 111 - (-6 - (3 - -3))?
9
What is the value of 21 - 21 - (-3 + 5 - 11)?
9
14 - ((-74 - -66) + 45 + 2)
-25
Calculate 1 + -3 + (-7 - 20) + 30 - 17.
-16
5 - 1 - (14 - (45 - 15))
20
Calculate (7 - (-4 + 12) - (1 + -7)) + 6.
11
23 - (-3 - (-27 - -7)) - (0 - -11)
-5
What is 14 + 3 + -11 + 1 - 17?
-10
What is the value of (-18 - -8) + -4 + -1 + 8?
-7
Calculate 17 + 8 - 31 - (1 + 1 + -19).
11
Calculate 7 + -9 + (-37 - -35) + (8 - -1).
5
(0 - 0) + (-14 - (-15 - 9))
10
What is the value of -13 + 1 + (-7 - -4) + -1 + 3?
-13
What is the value of -11 + -12 + 29 + -6?
0
-14 - (2 + -4 - -4 - (-44 + 44))
-16
Evaluate 8 + (-10 - 6) - -16.
8
What is -1 + 7 - (-700 + 684)?
22
-4 + -2 - (-15 - -17)
-8
Evaluate (-19 - -13 - (-7 + -2)) + 3.
6
Evaluate -5 - (3 + -8 + 10).
-10
-23 - (22 + -15 + -18)
-12
(-26 + 8 - -41) + 15
38
What is the value of -6 + -19 + 1 + 8 + 5 - -15?
4
What is (-20 - (2 - 1)) + 29 + -36 + 13?
-15
What is the value of (-151 - -145) + (-10 + 0 - (-6 - -5))?
-15
Evaluate -6 + -1 + 2 + (-8 - -6 - -16).
9
6 - (16 + -16 - -4)
2
What is the value of -5 - (7 - 0) - -18?
6
What is the value of 52 - (54 + 1) - (5 - (-1 - 0))?
-9
1 - 4 - -1 - (18 - (12 - -3))
-5
Calculate (-1 - -16) + (-268 - -248).
-5
What is (-22 - -6) + (41 - 4)?
21
Calculate (8 - 5 - 6) + 18 + -15 + -3.
-3
53 + -85 + 35 + 7
10
Calculate 2 - -2 - 0 - (-4 - -3).
5
What is the value of 8 + -18 + (3 - -5)?
-2
Evaluate -1 - 2 - (162 + -163 - (0 - -11)).
9
Evaluate 4 - 6 - (-15 + 7).
6
Calculate (2 - -2) + -13 + (-16 + 4 - -15).
-6
Evaluate (20 - -4) + -41 + (2 - 9) - -4.
-20
-21 + 9 + (4 - -5)
-3
Calculate (-18 - (4 - (3 - -5))) + 5 + 0.
-9
Calculate (12 - -23 - 12) + -8.
15
What is (-8 - -4) + (13 - 16) + -3?
-10
Calculate (13 - (11 + (8 - 12))) + -1.
5
What is the value of -1 - 16 - (21 + -9 - 13 - 2)?
-14
43 - (-18 + 21 + 15)
25
((19 + -10 - 0) + -3 - 4) + -8
-6
5 + (-3 - 0) + -1 + 3 + -13
-9
14 + -14 - (6 + -23 + (1 - -3))
13
(3 - 11) + 10 + -9 + -12
-19
-2 - (11 - (-14 - -33))
6
Evaluate -8 + -5 - (6 - (6 + -14)).
-27
Calculate -2 + -3 + 0 + 2 - (11 - 10).
-4
What is the value of 15 - (12 + 4 + -11)?
10
-6 + 3 + 5 + -142 + 168
28
Evaluate (-13 - (-39 + -15)) + (-15 - (4 + -9)).
31
What is the value of 16 - (7 + 16 + -19)?
12
What is -1 - 0 - (-17 + -17 + 32 + -11)?
12
What is the value of 97 - 95 - (-4 + -15)?
21
Evaluate 41 + -30 - (5 - (3 - (8 + -4))).
5
Evaluate -6 + (31 - 13 - (-17 - 2)).
31
(24 + -1 - (-38 - -34)) + 0
27
What is 0 - (11 + 21 + -12)?
-20
What is the value of -8 - (-2 + (7 - (3 + (9 - 6))))?
-7
What is the value of 157 - 136 - ((1 - 3) + (14 - 7))?
16
-2 + 8 + 2 + -5 + 3 + -15
-9
What is the value of 25 + -12 + 1 + 74 + -73?
15
-7 + -5 + -8 + (-9 - -41)
12
-3 - (-5 + -26) - (113 - 107)
22
What is the value of -1 - (5 + 1 + -13 + (0 - -4))?
2
What is 12 + -7 - (-17 + 26)?
-4
Evaluate (1 - -14) + -612 + 602.
5
117 - 148 - (-15 + 1)
-17
Evaluate (-7 - -1 - -23) + -6 - 2.
9
Calculate 17 + 1 + -23 + 10.
5
What is 27 + 11 + (-16 - 3)?
19
What is -12 + 18 + (14 - 35)?
-15
Evaluate -6 + 4 - ((0 - 20) + 38).
-20
-58 + 97 + (-8 - -1 - 1)
31
Calculate -3 + (12 - (29 - 4)).
-16
Evaluate -1 + 0 - (-17 - (-15 - 2)).
-1
What is the value of (5 - ((5 - -4) + -6)) + -6 + 2?
-2
What is the value of -11 + (-9 + 8 - -4) - (0 - 18)?
10
Evaluate -5 - (-21 - (-15 - 1)).
0
What is the value of -19 + (27 - (10 - -21))?
-23
Evaluate -163 - -170 - (1 - (0 - -1)).
7
What is -1 + -1 + -23 - (-22 - (-6 - 8))?
-17
What is the value of (52 + -2 - (125 + -102)) + -12 + 0?
15
Calculate -3 + -27 + (-4 - -2) - -13.
-19
Evaluate 5 - ((11 - 20) + 1).
13
Calculate -13 - -18 - (2 - 6 - -7).
2
What is -24 + (12 - -3) - -8?
-1
-3 - ((1 - -2) + -4 + 1)
-3
What is the value of -2 + 1 + -6 + (-34 - (-13 - 45))?
17
What is the value of -11 + -2 - (3 - (-8 - -19))?
-5
0 + 1 - -3 - (-21 - (-9 - 28))
-12
What is the value of -14 - ((-6 - (-15 - -9)) + 5 + -2)?
-17
Evaluate -6 - (4 - 19) - 9.
0
Calculate -117 + 75 - (-18 - -1).
-25
What is (53 - 43) + (11 - 2)?
19
What is 0 - (2 + -4) - (31 + -1 + -40)?
12
Evaluate (38 - (1 + -2)) + 202 + -103 + -100.
38
(-147 - -133) + 5 + 1 - -21
13
Calculate -14 + 14 - 11 - -2.
-9
What is the value of (-3 - 0) + -2 + 19 + -5 + -21?
-12
Evaluate -23 + (-10 - (-7 - (-15 + 13))).
-28
Evaluate -6 - (-9 - -3 - -8 - 5) - -25.
22
Evaluate 0 - 0 - (159 - 172).
13
What is the value of -3 + (2 + 0 + -3 - (1 - 5))?
0
Calculate 6 + (1 - (2 + (9 - (7 + -2)))).
1
Calculate 37 - 4 - (-22 - -73).
-18
Calculate 1 + (5 - (-9 - -11)) + 2 + -9.
-3
What is the value of -10 + -8 + (3 - -8) - (-6 - 0)?
-1
Calculate -1 + 7 - (-481 - -458).
29
Evaluate 34 - (42 + (32 - 10)).
-30
What is (28 - 12) + -78 + 48?
-14
What is -4 + (2 - (-6 - -14 - (-3 - 3)))?
-16
What is the value of 51 - 52 - (-7 - -1) - (7 + -3)?
1
What is the value of (63 - 62) + (-1 + -1 - -4 - 3)?
0
8 - -2 - (-14 + 34)
-10
Evaluate -12 - (15 + (-45 - -12)).
6
(0 - 21) + (37 - 19)
-3
What is the value of 31 + (7 - (2 + (-7 + 12 - -9)))?
22
29 + (-28 - -10) + 13
24
Evaluate (-6 - -2) + -4 + -2 - (4 - 2).
-12
Calculate (-7 - -3) + 3 + 4 + 1.
4
What is the value of -1359 + 1352 - (-3 + 1 + (1 - -1))?
-7
What is the value of (7 - 10 - 3) + -2 + 7?
-1
(-3 - (-6 + -14)) + -8
9
(0 - -5) + 10 - (17 + -20 - -12)
6
What is the value of 24 + -36 - (6 - 24) - 4?
2
Calculate 6 + (-20 - -11) + (10 - -1) + 4.
12
Calculate 9 + -10 + -15 + 25 + -5.
4
Calculate -23 + (22 - (23 - 30)).
6
What is the value of (14 - 12) + -7 + 8 + (3 - 9)?
-3
(1 - 17) + (33 - 22 - 15) + 1
-19
What is the value of (-4 - 7) + 11 - (-2 + -4)?
6
Evaluate 23 + 2 - (-4 - (1 + -7 - -5)).
28
What is the value of 14 + 30 - (1 + (0 - -4))?
39
What is the value of -20 - (-6 + -6 - -5 - (-7 + 2))?
-18
What is the value of 1528 - 1526 - (-6 + 0)?
8
Calculate 19 + 5 + -14 - 15.
-5
Calculate 0 + (-5 - 1) + -3183 + 3177.
-12
Evaluate 16 + (13 + -21 - -2 - -1).
11
What is 19 - (-9 + 12) - 7?
9
Calculate (-6 - -18) + -4 + 2 + (4 - 4).
10
Evaluate -35 + 14 + 4 + 2 + -3 + 0.
-18
What is 1 + 0 - (3 + (10 - (3 + 25)))?
16
Calculate (1 - 2) + 1 - (38 - 100 - -65).
-3
-1 + 4 + 5 - (-14 + 9 - 1)
14
What is 13 + -17 + (-5 - -4) + 4?
-1
Evaluate -3 + (10 - (5 - -1)) + -6 - 3.
-8
What is the value of -29 - (-30 + -43 + 38)?
6
(-104 + 103 - (-12 - 1)) + -7
5
Evaluate 19 + -2 + (15 - 18 - 11).
3
What is -5 + 11 + 1 + -6 + -20?
-19
What is -40 - -29 - (-16 - -4)?
1
What is -8 + -8 + 12 + -8 - (-11 + 21)?
-22
Evaluate -7 - (-7 - (-5 - (-1 - 6 - -17))).
-15
What is -9 - ((-9 + -1 - -24) + -9 + -25)?
11
Calculate -17 + 27 - (-3 + -1 + 25).
-11
Calculate 2 + (2 - 6 - (-3 + 7)).
-6
20 + 7 + -12 - 20
-5
What is the value of -264 - -265 - (-2 + (-6 - (-2 - -6)))?
13
What is the value of (-9 - (12 - 32)) + (-5 - -5)?
11
What is 26 + (0 - 11) - 25?
-10
What is the value of 2 + 2 - (-56 + 64)?
-4
What is (-3 - (1 - -4)) + (-4 - -10) + 0?
-2
4 + -18 + 4 - (-2 - -2)
-10
Calculate -12 + (10 - (11 - 1)) + 7.
-5
252 + -256 + (-1 - (2 + 5))
-12
What is the value of (3 - 2) + -20 + (11 - 40 - -35)?
-13
Calculate 4 + (1 + 6 + -17 - (-3 - -7)).
-10
Evaluate (-62 - -47) + (-2 - -6).
-11
Calculate -5 - (52 + -26) - -34.
3
What is the value of (-10 - -1) + (17 - (3 - -11))?
-6
What is 18 + -27 - (0 + -3) - (6 - 2)?
-10
Calculate -30 - -1 - (320 - 334).
-15
(-6 - (-3 + -8)) + -11 - 8 - -3
-11
What is -40 - (-69 - 3) - 25?
7
-2 + 0 + (0 - (6 + -4)) + 3
-1
Evaluate -29 - ((11 - (32 + -16)) + -8).
-16
-6 - (-12 - -9) - -6
3
Evaluate (-4 - (1 + -4 + 13 + -6)) + 1.
-7
Calculate -25 - -27 - (-5 - (-17 - -4)).
-6
What is the value of -3 + 7 - 6 - (-4 + (6 - 8))?
4
Calculate -8 - (15 - 77) - 28.
26
4 - (0 - (-3 + 4 + 15) - -7)
13
Evaluate (-8 - -2) + 2 - (21 + -23).
-2
Calculate -20 + 3 + (3 - -5) + -11.
-20
(-1 - (10 + -3)) + (-7 - (-4 - 0))
-11